What is the units digit of m?
5
Suppose v + v - 5*p = -27, -5*v + 2*p - 36 = 0. Let y be (-3)/(-9)*-35*v. Let g = y + -35. What is the units digit of g?
5
Let i = -23 - -615. What is the hundreds digit of i?
5
Let s = 43 - 31. What is the hundreds digit of 1148/6 + (-16)/s?
1
Let v(i) = 267*i - 239. What is the hundreds digit of v(4)?
8
What is the units digit of 708/(16 - 5 - 9)?
4
Let j(u) = 3*u**3 - 93*u**2 + 15*u + 32. What is the units digit of j(31)?
7
Let y(m) = m**2 + 9*m + 2. Let q be y(-9). Suppose -2*v = q*u - 416, -4*v - u = -5*u - 808. What is the tens digit of v?
0
Suppose 4*x + 2577 = 7*x - 3*h, 4260 = 5*x + 2*h. What is the tens digit of x?
5
Suppose 0 = 4*d - 534 - 286. Suppose d = 2*w - 53. What is the units digit of (5/15)/(1/w)?
3
Suppose -5*f + 9151 = i, 3*f - 5486 = 6*i - 2*i. What is the hundreds digit of f?
8
Let w = 5 - 3. Suppose 5*x = 10, w*o + 2*x - 7 = o. Suppose 0 = -o*m - b - 0*b + 10, -35 = -5*m + 2*b. What is the units digit of m?
5
Let g = -61 - -170. Suppose 0 = -t - 4*d + g, 2*t - d = t + 84. What is the units digit of t?
9
Suppose 0 = -40*u + 36*u - 1272. Let h = 575 + u. What is the units digit of h?
7
Let k(b) = b**2 - 7*b + 3. Let q be k(7). Let o = 222 - 161. Suppose q*i - 44 = o. What is the tens digit of i?
3
Let r = -45 - -80. Suppose -t + 7 = x - 15, -2*t - 5*x = -r. What is the units digit of t?
5
What is the tens digit of (1 - 2)/(17/(-38301))?
5
Let a(q) = q**3 - 6*q**2 - 4*q + 24. Let t be ((-6)/(-4))/((-48)/(-224)). What is the units digit of a(t)?
5
Suppose -4*a - 6*p + 192 = -8*p, -3*a + 2*p = -142. What is the tens digit of a?
5
Let x(c) be the first derivative of c**4/4 - c**3 + 9*c**2/2 - 3*c + 24. What is the tens digit of x(6)?
5
Suppose -15 + 3 = 2*l. Let k(g) be the second derivative of -g**5/20 - 5*g**4/12 + g**3/2 - 4*g + 10. What is the units digit of k(l)?
8
Suppose 14 = 24*z - 26*z. Let t = 54 - z. What is the units digit of t?
1
Let b be (1/(-1))/((-2)/12*3). Suppose 40 = w - h - 3*h, b*w + 4*h = 128. What is the units digit of w?
6
Let q(p) = -1 - 4 + 30*p**2 + 10 - 22*p**2. What is the units digit of q(2)?
7
Let s(t) = t**2 - 3*t - 1. Let n be s(4). Suppose 3*g - 2*g - n*b = -32, 24 = -g - b. Let u = -7 - g. What is the tens digit of u?
1
Let b(q) = -4*q**2 - 22*q - 22. Let l(r) = 7*r**2 + 43*r + 45. Let t(m) = -5*b(m) - 3*l(m). What is the units digit of t(-12)?
9
What is the units digit of 228/(-16)*(-1140)/9?
5
Let z = 96 + -90. Let k(d) = 7*d**2 - 13*d - 9. What is the tens digit of k(z)?
6
Let a(b) = -b**3 - b**2 + 11. Let d(h) = -h**3 - 13*h**2 - 11*h + 12. Let t be d(-12). What is the tens digit of a(t)?
1
Let t(g) = g**2 - 3*g + 3. Suppose 0*p = -p. Suppose p = -2*s - 0*s + 6. What is the units digit of t(s)?
3
Let i(a) = -a**2 + 15*a - 27. Let p be i(12). What is the hundreds digit of 2/6 + (-2 - (-1842)/p)?
2
Let p(i) = -149*i + 70. What is the units digit of p(-5)?
5
Let g(k) = k**3 - 4*k**2 + 2*k + 8. Suppose 0 = -2*p - 5*a, 0*a - a + 18 = 4*p. What is the units digit of g(p)?
3
Let x = -22 + 16. Let l = x - -14. Suppose t - i = 39, -12 = 4*i + l. What is the units digit of t?
4
Let z = 33 - 28. Suppose z*h + 4 = 14. Suppose -4*j + h*o + 80 = -130, 5*j - 285 = -2*o. What is the tens digit of j?
5
Let p = 19 - 13. Suppose 7*w - 28 = p*w. What is the units digit of w?
8
Let t(p) = -p**3 + 18*p**2 - 16*p - 13. Let g be t(17). Let v(s) = -g*s**3 + 2*s + s - s**3 + 3. What is the tens digit of v(-2)?
3
Let i(v) = -3*v + 12. Let a be i(3). Suppose -5*m + 2*x + 525 = 0, -2*m + 210 = -a*x - x. What is the units digit of m?
5
Let f = 2771 - 792. What is the thousands digit of f?
1
Suppose 5*r - 2*r = 5*l - 209, -r = 3. Suppose 2*c = 5*t + 258 + l, -t - 146 = -c. What is the hundreds digit of c?
1
Suppose 3*c = 11 + 10. What is the tens digit of (-12)/(-42) - (-376)/c?
5
Let z(m) be the second derivative of 0 + 1/12*m**4 + 9*m - 5/2*m**2 + 1/2*m**3. What is the tens digit of z(-8)?
3
Let j(i) = 18*i + 4 + 14*i + 16*i - 49*i. Suppose -4*a + u + 14 - 33 = 0, -16 = 4*a - 4*u. What is the units digit of j(a)?
9
Let w(k) = 31*k + 3. Suppose -5 = -3*m + 4. What is the units digit of w(m)?
6
What is the hundreds digit of (-7)/(231/(-21032))*3?
9
Suppose 2*n - 3*i = 740, 0*n + 4*n = 3*i + 1486. What is the hundreds digit of n?
3
Suppose 5*r + 20 = -4*k, -3*r - 3*k - k - 20 = 0. Suppose -a = -3*x + 4*a - 24, r = 5*x - 2*a + 21. What is the tens digit of 28 - (4 - 1)/x?
2
What is the units digit of (-4)/18 - 6574/(-18)?
5
Suppose -r - 27 = -4*z, 0*r + 18 = 2*z - 2*r. What is the tens digit of 64/3*27/z?
9
Let p be (-3)/(5/4 - 1/4). Let o(i) = -3*i + 0*i - i**2 - i**3 - 2 - 1. What is the units digit of o(p)?
4
Let k(s) = 2*s + 2. Let i(l) = -l + 17. Let b be i(-5). Let g = -22 + b. What is the units digit of k(g)?
2
Suppose -3*y = 5*s - 80, -2*s = -y + 5*y - 18. What is the tens digit of s?
1
Suppose -6*m + 8*m = 26. Suppose 0 = -2*d - 4*n + 12, 5*d - n - 3*n - 2 = 0. Suppose -3*w - d*o = 2*o - 35, w = -o + m. What is the tens digit of w?
1
Suppose 2*q = 4*z + 6*q + 252, 3*z + 201 = q. Let n be (-10)/3*z/55. Suppose a = 5*g + n*a - 64, 4*g - a = 41. What is the tens digit of g?
1
What is the tens digit of (1792/(-24))/(-7)*7707/28?
3
Let g(w) = -9039*w**3 + w**2 - 2*w + 1. Let u be g(1). What is the units digit of 8/(-6)*u/92?
1
Let v = 54 - 70. Let d(t) = -t**3 - 13*t**2 + 39*t + 7. What is the tens digit of d(v)?
5
Suppose -7*z - 5418 = -25*z. What is the tens digit of z?
0
Suppose 12*o = 11*o + 412. What is the hundreds digit of o?
4
Let k = 10 - 7. Let w be (-41 - k) + (0 - -1). Let j = 79 + w. What is the units digit of j?
6
What is the tens digit of (-72864)/(-45) - (-9)/(-45)?
1
What is the hundreds digit of 2717 + 8/(-4) - 5?
7
Let w(k) be the third derivative of k**4/24 + 7*k**3/6 + 2*k**2. Let i be w(-10). What is the units digit of i + 5/(20/68)?
4
Let h(b) = -b**3 - 4*b**2 + 8*b - 2. Let p(v) = -v + 4. Let j be p(-2). Suppose j*c + 6 = 5*c. What is the units digit of h(c)?
2
Suppose -79308 = 2190*y - 2208*y. What is the thousands digit of y?
4
Let s = -19 + 22. Suppose -3*l + 6 = -a - 1, -3 = -s*l - 3*a. Suppose l*c - 4*r - 182 + 50 = 0, -c - 2*r = -54. What is the units digit of c?
0
Let l = 12 + -25. What is the units digit of 1/(1/(l/(-1)))?
3
Let b(k) = 2*k + 2*k**2 + k**2 - 9*k - 2*k**2 + 9. Let y be b(6). Suppose y*o = 5*j + 171, -3*o + 0*o + 168 = -4*j. What is the tens digit of o?
5
What is the units digit of ((-90)/(-8) + (-40)/160)*5?
5
Let n be 36/30*75/6. Let m be (5 + -4)*n*1. Suppose 3*h - 78 + m = 0. What is the units digit of h?
1
Let f = -3 - 5. Let c be ((-156)/f)/(6/4). Suppose h - c = 13. What is the tens digit of h?
2
Let m be 28/35 + 71/5. Suppose -3*w + m = 2*w. Suppose -102 = -3*f + 3*v - 21, w*f = -v + 81. What is the units digit of f?
7
Let y be 1/3 - 280/(-15). Let i be 9/(-3)*(-2)/(-4)*-10. Suppose a = y + i. What is the units digit of a?
4
Suppose 0 = -5*k + 2738 + 1472. What is the hundreds digit of k?
8
Let a be (3/(-6))/(2 + (-39)/18). What is the tens digit of 3 - (-428)/(a - -1)?
1
Let v(p) = -63*p + 10. Let n be v(-3). Suppose -40 + n = 3*l. What is the units digit of l?
3
Suppose -4*q + 3*q - 134 = 0. Let p = 198 + q. What is the units digit of p?
4
Let b(u) = 49*u + 7. Let t(i) = 49*i + 8. Let r(p) = 5*b(p) - 4*t(p). What is the hundreds digit of r(3)?
1
Let y(w) = 2*w + 16. Let o be y(-6). Suppose 329 = 2*p + 7*f - 6*f, o*f - 506 = -3*p. What is the units digit of p?
2
Let u = 1407 - 781. What is the hundreds digit of u?
6
Suppose 16*u = 21*u - 60. Let b(i) be the second derivative of i**4/12 - 7*i**3/6 - 3*i**2/2 + 10*i. What is the units digit of b(u)?
7
Let l be ((-16)/4 + -34)/(-2). Let s = 21 - 35. Let o = l + s. What is the units digit of o?
5
Suppose 0 = 12*d - 25*d + 30160. What is the hundreds digit of d?
3
Let z(i) = -4*i + 26. Let r be z(5). Suppose -2 = 4*c - 5*h, 0 = -0*c - 3*c - h + 8. Suppose -c*a = -r*a + 116. What is the tens digit of a?
2
What is the tens digit of -12*((-1806)/24)/7?
2
Suppose -3*h = 4*p - 1584, -18*h = 4*p - 16*h - 1584. What is the units digit of p?
6
Suppose 3*z = -2*z + 5*v, 2*z - 5 = v. Suppose -z*j + 4*u = 2*u - 1220, 731 = 3*j - u. What is the units digit of j?
2
Suppose -19*p = 3210 - 1208